{"version":"1.0","provider_name":"Diario de Estilo","provider_url":"https:\/\/diariodeestilo.es\/en\/","author_name":"Mariona Planas","author_url":"https:\/\/diariodeestilo.es\/en\/author\/mariona\/","title":"Esenciales de la temporada - Diario de Estilo","type":"rich","width":600,"height":338,"html":"<blockquote class=\"wp-embedded-content\" data-secret=\"otgVtglQQi\"><a href=\"https:\/\/diariodeestilo.es\/en\/2018\/06\/11\/esenciales-de-la-temporada\/\">Esenciales de la temporada<\/a><\/blockquote><iframe sandbox=\"allow-scripts\" security=\"restricted\" src=\"https:\/\/diariodeestilo.es\/en\/2018\/06\/11\/esenciales-de-la-temporada\/embed\/#?secret=otgVtglQQi\" width=\"600\" height=\"338\" title=\"&#8220;Esenciales de la temporada&#8221; &#8212; Diario de Estilo\" data-secret=\"otgVtglQQi\" frameborder=\"0\" marginwidth=\"0\" marginheight=\"0\" scrolling=\"no\" class=\"wp-embedded-content\"><\/iframe><script type=\"text\/javascript\">\n\/*! This file is auto-generated *\/\n!function(c,d){\"use strict\";var e=!1,o=!1;if(d.querySelector)if(c.addEventListener)e=!0;if(c.wp=c.wp||{},c.wp.receiveEmbedMessage);else if(c.wp.receiveEmbedMessage=function(e){var t=e.data;if(!t);else if(!(t.secret||t.message||t.value));else if(\/[^a-zA-Z0-9]\/.test(t.secret));else{for(var r,s,a,i=d.querySelectorAll('iframe[data-secret=\"'+t.secret+'\"]'),n=d.querySelectorAll('blockquote[data-secret=\"'+t.secret+'\"]'),o=new RegExp(\"^https?:$\",\"i\"),l=0;l<n.length;l++)n[l].style.display=\"none\";for(l=0;l<i.length;l++)if(r=i[l],e.source!==r.contentWindow);else{if(r.removeAttribute(\"style\"),\"height\"===t.message){if(1e3<(s=parseInt(t.value,10)))s=1e3;else if(~~s<200)s=200;r.height=s}if(\"link\"===t.message)if(s=d.createElement(\"a\"),a=d.createElement(\"a\"),s.href=r.getAttribute(\"src\"),a.href=t.value,!o.test(a.protocol));else if(a.host===s.host)if(d.activeElement===r)c.top.location.href=t.value}}},e)c.addEventListener(\"message\",c.wp.receiveEmbedMessage,!1),d.addEventListener(\"DOMContentLoaded\",t,!1),c.addEventListener(\"load\",t,!1);function t(){if(o);else{o=!0;for(var e,t,r,s=-1!==navigator.appVersion.indexOf(\"MSIE 10\"),a=!!navigator.userAgent.match(\/Trident.*rv:11\\.\/),i=d.querySelectorAll(\"iframe.wp-embedded-content\"),n=0;n<i.length;n++){if(!(r=(t=i[n]).getAttribute(\"data-secret\")))r=Math.random().toString(36).substr(2,10),t.src+=\"#?secret=\"+r,t.setAttribute(\"data-secret\",r);if(s||a)(e=t.cloneNode(!0)).removeAttribute(\"security\"),t.parentNode.replaceChild(e,t);t.contentWindow.postMessage({message:\"ready\",secret:r},\"*\")}}}}(window,document);\n<\/script>\n","thumbnail_url":"https:\/\/diariodeestilo.es\/wp-content\/uploads\/2018\/06\/Cabecera-ELLE-Mariona-Planas-2018-62-1.jpg","thumbnail_width":800,"thumbnail_height":400,"description":"Este verano la moda nos acerca propuestas aparentemente sencillas donde el estilo s\u00ed importa. Todo en su justa medida crea una conjunci\u00f3n perfecta de contrastes donde asimetr\u00edas, cortes estrat\u00e9gicos en el abdomen y colores planos consiguen resaltar la feminidad revelada de manera natural. Con prendas tan ricas en patronaje, saber equilibrar el centro de atenci\u00f3n eligiendo las joyas esenciales para complementar y potenciar el estilismo sin un af\u00e1n excesivo de protagonismo, es fundamental. Le\u00eda recientemente: \u201cLos pendientes se han convertido en el nuevo \u2018it-bag. Ya no hay reglas a la hora de llevarlos.\u201d Y es que romper convencionalismos pone de manifiesto c\u00f3mo nos expresamos est\u00e9ticamente. \u201cSolo hay que echar la vista atr\u00e1s hasta el oto\u00f1o de 2014. Aquella temporada marc\u00f3 un punto de inflexi\u00f3n gracias a colecciones como las de Louis Vuitton o C\u00e9line, que [&hellip;]"}

Este verano la moda nos acerca propuestas aparentemente sencillas donde el estilo sí importa. Todo en su justa medida crea una conjunción perfecta de contrastes donde asimetrías, cortes estratégicos en el abdomen y colores planos consiguen resaltar la feminidad revelada de manera natural. Con prendas tan ricas en patronaje, saber equilibrar el centro de atención eligiendo las joyas esenciales para complementar y potenciar el estilismo sin un afán excesivo de protagonismo, es fundamental. Leía recientemente: “Los pendientes se han convertido en el nuevo ‘it-bag. Ya no hay reglas a la hora de llevarlos.” Y es que romper convencionalismos pone de manifiesto cómo nos expresamos estéticamente. “Solo hay que echar la vista atrás hasta el otoño de 2014. Aquella temporada marcó un punto de inflexión gracias a colecciones como las de Louis Vuitton o Céline, que [&hellip;]
