{"version":"1.0","provider_name":"Diario de Estilo","provider_url":"https:\/\/diariodeestilo.es\/en\/","author_name":"Mariona Planas","author_url":"https:\/\/diariodeestilo.es\/en\/author\/mariona\/","title":"S\u00ed al \u2018bra top\u2019, una declaraci\u00f3n sin complejos - Diario de Estilo","type":"rich","width":600,"height":338,"html":"<blockquote class=\"wp-embedded-content\" data-secret=\"jr7ZIgExoz\"><a href=\"https:\/\/diariodeestilo.es\/en\/2021\/07\/23\/si-al-bra-top-una-declaracion-sin-complejos\/\">S\u00ed al \u2018bra top\u2019, una declaraci\u00f3n sin complejos<\/a><\/blockquote><iframe sandbox=\"allow-scripts\" security=\"restricted\" src=\"https:\/\/diariodeestilo.es\/en\/2021\/07\/23\/si-al-bra-top-una-declaracion-sin-complejos\/embed\/#?secret=jr7ZIgExoz\" width=\"600\" height=\"338\" title=\"&#8220;S\u00ed al \u2018bra top\u2019, una declaraci\u00f3n sin complejos&#8221; &#8212; Diario de Estilo\" data-secret=\"jr7ZIgExoz\" frameborder=\"0\" marginwidth=\"0\" marginheight=\"0\" scrolling=\"no\" class=\"wp-embedded-content\"><\/iframe><script type=\"text\/javascript\">\n\/*! This file is auto-generated *\/\n!function(c,d){\"use strict\";var e=!1,o=!1;if(d.querySelector)if(c.addEventListener)e=!0;if(c.wp=c.wp||{},c.wp.receiveEmbedMessage);else if(c.wp.receiveEmbedMessage=function(e){var t=e.data;if(!t);else if(!(t.secret||t.message||t.value));else if(\/[^a-zA-Z0-9]\/.test(t.secret));else{for(var r,s,a,i=d.querySelectorAll('iframe[data-secret=\"'+t.secret+'\"]'),n=d.querySelectorAll('blockquote[data-secret=\"'+t.secret+'\"]'),o=new RegExp(\"^https?:$\",\"i\"),l=0;l<n.length;l++)n[l].style.display=\"none\";for(l=0;l<i.length;l++)if(r=i[l],e.source!==r.contentWindow);else{if(r.removeAttribute(\"style\"),\"height\"===t.message){if(1e3<(s=parseInt(t.value,10)))s=1e3;else if(~~s<200)s=200;r.height=s}if(\"link\"===t.message)if(s=d.createElement(\"a\"),a=d.createElement(\"a\"),s.href=r.getAttribute(\"src\"),a.href=t.value,!o.test(a.protocol));else if(a.host===s.host)if(d.activeElement===r)c.top.location.href=t.value}}},e)c.addEventListener(\"message\",c.wp.receiveEmbedMessage,!1),d.addEventListener(\"DOMContentLoaded\",t,!1),c.addEventListener(\"load\",t,!1);function t(){if(o);else{o=!0;for(var e,t,r,s=-1!==navigator.appVersion.indexOf(\"MSIE 10\"),a=!!navigator.userAgent.match(\/Trident.*rv:11\\.\/),i=d.querySelectorAll(\"iframe.wp-embedded-content\"),n=0;n<i.length;n++){if(!(r=(t=i[n]).getAttribute(\"data-secret\")))r=Math.random().toString(36).substr(2,10),t.src+=\"#?secret=\"+r,t.setAttribute(\"data-secret\",r);if(s||a)(e=t.cloneNode(!0)).removeAttribute(\"security\"),t.parentNode.replaceChild(e,t);t.contentWindow.postMessage({message:\"ready\",secret:r},\"*\")}}}}(window,document);\n<\/script>\n","thumbnail_url":"https:\/\/diariodeestilo.es\/wp-content\/uploads\/2021\/07\/2-scaled.jpg","thumbnail_width":1707,"thumbnail_height":2560,"description":"La tendencia lleva 3 temporadas anim\u00e1ndonos a exteriorizar la ropa interior invit\u00e1ndola a ser pieza clave de nuestros estilismos 24\/7. Analizada, aplaudida (o no), y versionada en estilismos de lo m\u00e1s dispares, lo imprescindible de esta tendencia es saber qu\u00e9 bra vestir en cada ocasi\u00f3n. En su versi\u00f3n m\u00e1s cl\u00e1sica, mi favorita, los bras negros combinan estupendamente con americanas, blusas holgadas, jers\u00e9is con escote en la espalda, y pantalones, bermudas, shorts, todos ellos de tallo alto, faldas plisadas, wrap, pencil y largas. En outfits con colores monocrom\u00e1ticos b\u00e1sicos como el negro, beige, blanco y rojo, los bras negros combinan a la perfecci\u00f3n. Mi apuesta: Recurrir a prendas cl\u00e1sicas como la americana over de Pinko, el vaquero boyish de Iro Paris, y las sandalias ic\u00f3nicas de Jimmy Choo, para crear un estilismo en l\u00ednea con una [&hellip;]"}

Sí al ‘bra top’, una declaración sin complejos - Diario de Estilo

<blockquote class="wp-embedded-content" data-secret="jr7ZIgExoz"><a href="https://diariodeestilo.es/en/2021/07/23/si-al-bra-top-una-declaracion-sin-complejos/">Sí al ‘bra top’, una declaración sin complejos</a></blockquote><iframe sandbox="allow-scripts" security="restricted" src="https://diariodeestilo.es/en/2021/07/23/si-al-bra-top-una-declaracion-sin-complejos/embed/#?secret=jr7ZIgExoz" width="600" height="338" title="&#8220;Sí al ‘bra top’, una declaración sin complejos&#8221; &#8212; Diario de Estilo" data-secret="jr7ZIgExoz" frameborder="0" marginwidth="0" marginheight="0" scrolling="no" class="wp-embedded-content"></iframe><script type="text/javascript">
/*! This file is auto-generated */
!function(c,d){"use strict";var e=!1,o=!1;if(d.querySelector)if(c.addEventListener)e=!0;if(c.wp=c.wp||{},c.wp.receiveEmbedMessage);else if(c.wp.receiveEmbedMessage=function(e){var t=e.data;if(!t);else if(!(t.secret||t.message||t.value));else if(/[^a-zA-Z0-9]/.test(t.secret));else{for(var r,s,a,i=d.querySelectorAll('iframe[data-secret="'+t.secret+'"]'),n=d.querySelectorAll('blockquote[data-secret="'+t.secret+'"]'),o=new RegExp("^https?:$","i"),l=0;l<n.length;l++)n[l].style.display="none";for(l=0;l<i.length;l++)if(r=i[l],e.source!==r.contentWindow);else{if(r.removeAttribute("style"),"height"===t.message){if(1e3<(s=parseInt(t.value,10)))s=1e3;else if(~~s<200)s=200;r.height=s}if("link"===t.message)if(s=d.createElement("a"),a=d.createElement("a"),s.href=r.getAttribute("src"),a.href=t.value,!o.test(a.protocol));else if(a.host===s.host)if(d.activeElement===r)c.top.location.href=t.value}}},e)c.addEventListener("message",c.wp.receiveEmbedMessage,!1),d.addEventListener("DOMContentLoaded",t,!1),c.addEventListener("load",t,!1);function t(){if(o);else{o=!0;for(var e,t,r,s=-1!==navigator.appVersion.indexOf("MSIE 10"),a=!!navigator.userAgent.match(/Trident.*rv:11\./),i=d.querySelectorAll("iframe.wp-embedded-content"),n=0;n<i.length;n++){if(!(r=(t=i[n]).getAttribute("data-secret")))r=Math.random().toString(36).substr(2,10),t.src+="#?secret="+r,t.setAttribute("data-secret",r);if(s||a)(e=t.cloneNode(!0)).removeAttribute("security"),t.parentNode.replaceChild(e,t);t.contentWindow.postMessage({message:"ready",secret:r},"*")}}}}(window,document);
</script>

La tendencia lleva 3 temporadas animándonos a exteriorizar la ropa interior invitándola a ser pieza clave de nuestros estilismos 24/7. Analizada, aplaudida (o no), y versionada en estilismos de lo más dispares, lo imprescindible de esta tendencia es saber qué bra vestir en cada ocasión. En su versión más clásica, mi favorita, los bras negros combinan estupendamente con americanas, blusas holgadas, jerséis con escote en la espalda, y pantalones, bermudas, shorts, todos ellos de tallo alto, faldas plisadas, wrap, pencil y largas. En outfits con colores monocromáticos básicos como el negro, beige, blanco y rojo, los bras negros combinan a la perfección. Mi apuesta: Recurrir a prendas clásicas como la americana over de Pinko, el vaquero boyish de Iro Paris, y las sandalias icónicas de Jimmy Choo, para crear un estilismo en línea con una [&hellip;]
